What is 1011010011001 (base 2) in base 14?
2173
53444534 (base 6) to base 2
110000001000000101010
What is -52325344 (base 7) in base 6?
-234305134
25a55a (base 14) to base 12
526170
Convert 1256d (base 14) to base 13.
17621
Convert -76969 (base 12) to base 5.
-20010042
What is -77813 (base 10) in base 3?
-10221201222
What is 708057 (base 9) in base 12?
182737
Convert 200847b (base 12) to base 6.
332151035
Convert -3004433302 (base 5) to base 2.
-10110101001011000111110
What is 19085138 (base 10) in base 13?
3c52ba7
What is -62116a (base 11) in base 4?
-3303123330
Convert -52bd (base 14) to base 16.
-37c7
What is -2a5b6 (base 12) in base 2?
-1110100011011010
Convert -100000110101100 (base 2) to base 13.
-7863
-23120012 (base 4) to base 14
-12da6
What is 230143410 (base 5) in base 9?
1826485
-37945 (base 10) to base 16
-9439
1650ab (base 12) to base 4
1131101003
-4a87a26 (base 11) to base 16
-86a675
1110110010000000010010 (base 2) to base 4
32302000102
1131102 (base 7) to base 14
39aa9
acaa5 (base 15) to base 4
2012010203
3387044 (base 9) to base 2
110111110100011101101
Convert -100101011001110011000010 (base 2) to base 13.
-2053b94
What is -1676a89 (base 11) in base 4?
-22313231233
What is 21036040 (base 7) in base 3?
10100010111121
101101000101110010101100 (base 2) to base 15
1087439
-142310133 (base 5) to base 8
-2655742
Convert 39986 (base 11) to base 15.
11daa
321747 (base 12) to base 7
6502264
What is 2054684 (base 9) in base 15?
16aa2a
What is -833813 (base 11) in base 8?
-5063732
What is 1724c4 (base 13) in base 11?
364106
-440410 (base 7) to base 12
-386b7
Convert 222736 (base 10) to base 6.
4435104
What is -16314470 (base 8) in base 13?
-a221c5
Convert 2471157 (base 9) to base 6.
44502511
Convert -5d1481 (base 14) to base 13.
-879c76
What is -302c77 (base 16) in base 2?
-1100000010110001110111
Convert -1a722 (base 13) to base 4.
-30220132
Convert -131d37 (base 14) to base 8.
-2405755
-1001113054 (base 6) to base 16
-9aa25a
What is 3715421 (base 9) in base 5?
1004040330
200111021000 (base 3) to base 9
614230
-3741a (base 12) to base 7
-431242
What is -8777627 (base 9) in base 8?
-21773574
What is -1110100011110111011 (base 2) in base 4?
-1310132323
Convert 26cbba (base 14) to base 12.
548328
Convert 3121211012 (base 4) to base 5.
212004311
Convert -220131223233 (base 4) to base 5.
-10203413333
What is -44ca (base 15) in base 4?
-3203332
What is 10111022120 (base 3) in base 4?
100302111
Convert 5122c2 (base 13) to base 2.
111001101011001111100
What is -1da8d (base 14) in base 11?
-52259
What is -115152 (base 10) in base 4?
-130013100
Convert -11022011111 (base 3) to base 16.
-14acd
21183634 (base 9) to base 3
201012210201011
33214542 (base 9) to base 11
9087626
12011331233 (base 4) to base 15
218415
-102021012 (base 3) to base 7
-32642
What is -312526 (base 14) in base 12?
-67b872
What is -7491b (base 12) in base 9?
-253355
202001002222 (base 3) to base 15
7bd2e
Convert -323021303122 (base 4) to base 14.
-20b917c
Convert 22312022 (base 5) to base 12.
96542
What is -10010011010001011 (base 2) in base 9?
-124381
What is 1365642 (base 9) in base 12?
30330b
Convert 1420030123 (base 5) to base 10.
3673788
20122212203 (base 4) to base 14
415d99
-342543414 (base 6) to base 14
-b9ca54
-bca3da (base 15) to base 13
-1b2c449
-d9166 (base 14) to base 13
-1548b9
What is 20148701 (base 9) in base 3?
200011122210001
1110011010110111101000 (base 2) to base 15
4ea04c
Convert 7574170 (base 8) to base 9.
3733178
What is 3232335 (base 6) in base 7?
1234250
Convert -3741645 (base 8) to base 12.
-419a59
-1032000000 (base 5) to base 12
-8abbba
56303 (base 11) to base 8
237225
Convert 8414b5 (base 12) to base 4.
13322312021
-20220011122 (base 3) to base 4
-201020213
What is -3077a9 (base 11) in base 13?
-143798
-275302 (base 12) to base 16
-9f272
What is -105212053 (base 6) in base 9?
-3561666
102873 (base 10) to base 4
121013121
What is 26e9d (base 15) in base 10?
124798
What is -22959 (base 10) in base 11?
-16282
What is 113433554 (base 6) in base 14?
3d82aa
533424 (base 6) to base 13
16ab0
What is 135352420 (base 6) in base 14?
52636c
Convert -350513 (base 7) to base 12.
-30335
What is 328 (base 13) in base 11?
452
Convert -55577 (base 9) to base 3.
-1212122121
What is 1a2a80 (base 11) in base 4?
1030001331
Convert 21eec1 (base 15) to base 8.
6133764
-135333320 (base 7) to base 13
-1ac0015
What is -3130518 (base 9) in base 14?
-317c21
9c769 (base 16) to base 4
2130131221
Convert -12033323020 (base 5) to base 11.
-7978509
Convert 2c3d21 (base 16) to base 3.
12110022000000
30322520 (base 6) to base 11
5419a3
-707610 (base 8) to base 5
-24431402
167397 (base 14) to base 16
c0719
What is -1d04ba (base 16) in base 15?
-278739
What is -1111010110101100 (base 2) in base 4?
-33112230
-11110101000110000110 (base 2) to base 9
-1800085
Convert 100011100011111010 (base 2) to base 15.
2d258
What is 202443111 (base 5) in base 10?
827906
-212122200012 (base 3) to base 7
-3646262
Convert 23011030303 (base 4) to base 8.
13051463
Convert -4185323 (base 9) to base 13.
-60617a
Convert -2b5717a (base 12) to base 15.
-b94cc4
Convert 192454 (base 11) to base 3.
120001001220
-13422404 (base 5) to base 10
-139104
What is -2c37d (base 14) in base 7?
-640016
Convert 1176056 (base 8) to base 12.
139092
Convert 101683a (base 11) to base 12.
726a7b
-2110322212 (base 4) to base 3
-1010222201001
Convert -20514030 (base 6) to base 13.
-1806a5
What is 3122087 (base 11) in base 3?
101100211020121
Convert 2c3b5 (base 13) to base 8.
244255
313452234 (base 6) to base 14
a31330
What is -1202220020000 (base 3) in base 6?
-32112343
Convert -10200021 (base 6) to base 4.
-1020021031
a49776 (base 13) to base 5
1441120402
Convert -5512147 (base 8) to base 4.
-11221101213
Convert 1554154 (base 6) to base 5.
10433300
What is 116227 (base 11) in base 8?
547215
2146606 (base 8) to base 14
110354
1000000010010110010 (base 2) to base 10
263346
Convert -7db10b (base 14) to base 7.
-51334414
Convert -2bd92a (base 15) to base 16.
-205f5d
What is -b2172d (base 14) in base 15?
-7d6d88
11a546 (base 11) to base 12
91909
-32084 (base 11) to base 13
-18327
What is -10101120201 (base 3) in base 4?
-100103023
-22754 (base 13) to base 5
-4002033
What is -526310 (base 8) in base 11?
-10a788
Convert -498628 (base 10) to base 4.
-1321233010
What is -10000001000110101111 (base 2) in base 6?
-15200115
-2e174 (base 16) to base 12
-91304
103261164 (base 7) to base 11
3531842
30353334 (base 6) to base 11
544a38
18e0b (base 15) to base 6
1422002
1267c (base 16) to base 2
10010011001111100
Convert -8736228 (base 9) to base 6.
-244300512
What is 515550112 (base 6) in base 13?
1b17a2c
What is 90540 (base 11) in base 12?
6476a
What is -ba87b (base 12) in base 16?
-3c35f
2a27b9 (base 13) to base 16
fc6c5
What is 2a99f (base 16) in base 4?
222212133
What is -110100101010110101 (base 2) in base 3?
-101221221010
What is -ab017 (base 14) in base 13?
-1167b3
What is -3020102242 (base 5) in base 13?
-13298a7
What is 594dd (base 14) in base 10?
217755
2ca4a (base 16) to base 4
230221022
1110001220 (base 3) to base 11
1a443
a602b (base 14) to base 12
173a47
Convert -13253416 (base 7) to base 5.
-303121342
-34055345 (base 6) to base 4
-3330132101
What is -233221110 (base 4) in base 5?
-22221111
Convert 1064707 (base 11) to base 16.
1c7771
Convert 2702b (base 12) to base 2.
1101000101100011
Convert -11555335 (base 10) to base 8.
-54051007
What is -6004 (base 16) in base 5?
-1241310
What is 159754 (base 12) in base 16?
5a1f0
-147000 (base 10) to base 11
-a0497
142543 (base 12) to base 9
561816
What is 7d79dc (base 15) in base 5?
3013441412
Convert -224353 (base 6) to base 13.
-8940
Convert -dda29d (base 15) to base 6.
-1014233004
Convert -3421726 (base 9) to base 12.
-74b829
Convert -65b16 (base 12) to base 3.
-20211201100
What is -5133123 (base 6) in base 14?
-6573d
What is -3560251 (base 7) in base 13?
-12a696
What is 1ebad (base 16) in base 3?
20101122211
What is -ac3c12 (base 15) in base 9?
-16408548
What is 5509753 (base 10) in base 15?
73c7bd
Convert -422303 (base 14) to base 9.
-4174672
Convert 252f0 (base 16) to base 13.
54429
Convert 123156163 (base 7) to base 8.
35572126
25316624 (base 8) to base 10
5610900
What is -135226 (base 